*l = 10. Give h(l).
2
Let t(f) = -12*f**3 - 2*f**2 + 22*f - 21. Let c(p) = -17*p**3 - p**2 + 33*p - 29. Let y(a) = 5*c(a) - 7*t(a). What is y(10)?
12
Let x(y) = -4*y. Let d = 169 + -169. Let o be 3 + -2 + d*6/(-6). What is x(o)?
-4
Let h(l) = 3*l**2 + 3 - 2*l - 4*l**2 - 5 - 1. Suppose -67*v + 71*v + 1384 = 0. Let x = -351 - v. Give h(x).
-18
Let d(u) = -2*u + 51. Let f be 8/4 + -21*(0 + -1). Let z be d(f). Suppose 5*y - 18 = a, a + a + z*y = 39. Let j(k) = -k + 7. Determine j(a).
0
Let w(s) = 4*s**2 + s + 1. Let u = 297 + -668. Let n = u - -370. Determine w(n).
4
Let f = -31 - -34. Suppose 0*n - 6 = f*n. Let w be 4*n/(-16)*-10. Let i(h) = h**3 + 5*h**2 + 5. Calculate i(w).
5
Let o(g) = 3*g + 18. Suppose -191 = -53*m + 74. Let d be (-56)/(-8) - 11 - m. What is o(d)?
-9
Let p(c) = 2*c**2 - 5 - 73*c - c**3 - 81*c - 4*c**2 + 161*c. Give p(-4).
-1
Suppose 15*a - 860 = 355. Let f(c) = -154*c + a*c + 77*c. Determine f(1).
4
Suppose 24 = -p - 2*y - 1, 2*y = -5*p - 109. Let c = 27 + p. Let s(h) = 3*h**2 + h**3 - 7*h**2 - c + 9*h - 11*h. Give s(5).
9
Let y(w) = 42668 - 2*w + 16*w - 42794. Determine y(9).
0
Let x(b) = -b + 8. Let h be x(3). Let d(k) = -1. Let j(z) = -6*z + 8. Let p(o) = 3*d(o) + j(o). Calculate p(h).
-25
Let m(z) = 11*z + 90. Let f be m(-8). Suppose 0 = 3*o - 78 - 183. Let p(w) = -o*w + 87*w + f*w**2 - 1. Give p(1).
1
Let f(p) = -2*p**3 + 33*p**2 + 40*p - 901. Let z be f(16). Let c(o) = -o**2 - 8*o. Determine c(z).
15
Suppose -3*k - 26 = -2*l, -2*l - 8*k - 6 = -3*k. Let s be (-25)/3*(-4 + l). Let a be (-5)/s*5*3. Let b(p) = 2*p - 4. Calculate b(a).
2
Let v be (0/(-199))/(8/2). Let b(h) = h + 9. What is b(v)?
9
Let h = 1 + -3. Suppose u + 1 = -s, u = 2*s + 6*u + 14. Let j(d) = -d**s - 27*d + 4 - 3*d**2 + 24*d - 6. What is j(h)?
0
Let v be ((-9)/1)/((-6)/4). Let w(y) = -12*y + 6*y - y + 8*y - 9. Calculate w(v).
-3
Let t(k) = 81 - 7*k - 81. Let b(o) = o + 24. Let l be b(-12). Let x be -1 + l/18*-3. What is t(x)?
21
Let l = -14 + 20. Let j(c) = -4*c**2 - 270132 - 5*c + 0*c + 10*c**2 - c**3 + 270140. What is j(l)?
-22
Let l(j) = -j**3 - 13*j**2 - 11*j + 13. Let k(r) = -r**3 - 12*r**2 - 10*r + 12. Let t(y) = 4*k(y) - 3*l(y). Let q(c) = -15*c + 922. Let a be q(62). Give t(a).
1
Let n(f) = -f**2 + 7*f - 2. Let v be (-16)/40*(-20)/6*3. Suppose -2*w - 12 = -5*w. Suppose b + 3*k - 16 = -v, -w*k + 9 = -b. Calculate n(b).
10
Suppose 7288*a - 7275*a = 117. Let f(x) = -x**3 + 9*x**2 + 5*x - 5. What is f(a)?
40
Let m(a) = 7*a + 3*a + a + 3. Let i(j) = 13*j + 4. Let b(w) = 2*i(w) - 3*m(w). Determine b(1).
-8
Let b(t) = t**2 + 2*t + 3. Let c = 285 + -265. Let r be (-16)/40*c/(-2). What is b(r)?
27
Let i(s) be the first derivative of s**4/4 - 7*s**3/3 + s**2/2 + 4*s - 5. Let f(w) = -2*w**3 + w**2. Let g(r) = f(r) + i(r). Let v = 6 + -11. Determine g(v).
-26
Let r(x) be the second derivative of -x**3/6 - x**2 - 375*x. Give r(-1).
-1
Let l(q) = 7*q**3 + 3*q**2 - 7*q**3 + 18*q + 8*q**2 + q**3 - 12 + 9*q**2. Calculate l(-19).
7
Let z(x) = -15*x + 102. Let g be z(7). Let r be 8*g/12*3. Let h(n) = 3*n + 7. Determine h(r).
-11
Let w(n) = 2*n - 24. Suppose 29 = c - 5*o, -c + 4*o - 3 = -28. Let h be w(c). Let r(a) = a + 4. Let k(m) = -m - 5. Let f(i) = -6*k(i) - 5*r(i). Give f(h).
4
Suppose 13*k = -10*k + 2*k. Let o(n) = k*n**2 + 35 - 39 - n - n**2 + 2*n**2. Give o(3).
2
Let o(f) = -f. Let b = 191 + -133. Let t(m) = -m**2 + 21*m + 4. Let c be t(21). Suppose c*k + b = 66. Give o(k).
-2
Let i(b) = 3*b**3 - 205*b**2 - 134*b - 272. Let j be i(69). Let o(a) = a**2 + 27*a - 106. Determine o(j).
18
Suppose -2 + 44 - 7 = -35*t. Let i(j) = -5*j + 5. Let g(k) be the third derivative of 5*k**4/12 - 3*k**3/2 + 2*k**2. Let c(y) = 6*g(y) + 11*i(y). Give c(t).
-4
Let x(c) = c**2 - c + 2. Let n(m) = 2*m**2 + 14*m + 64. Let k(r) = n(r) - 3*x(r). Let y(h) be the first derivative of k(h). Give y(13).
-9
Let z(a) be the first derivative of -a**2/2 - 1. Let x(m) = 134*m + 243. Let f be x(-4). Let p = f + 299. Calculate z(p).
-6
Let g(j) = -j**2 - 5*j + 3. Let d(r) = r**2 - 5*r - 2. Let a(m) = 3*m + 114. Let k be a(-36). Let z be d(k). Calculate g(z).
-33
Let m(u) = u**2 - u. Suppose 0 = -5*p + 15, 0 = 5*f + 6*p - 4*p - 306. Let d be f/(-48) - 3/4. Determine m(d).
6
Let z(s) = 24*s - 47. Let r = -5293 - -5295. What is z(r)?
1
Let m = 4234 + -4242. Let j(h) be the second derivative of h**5/20 + 2*h**4/3 - h**3/3 - 11*h**2/2 - 24*h. What is j(m)?
5
Let q(o) = -2*o. Suppose p + 24 = -3. Let d be (-18)/p*(0 - 27/(-2)). Let m be (-54)/d*(1/(-2) + 0). What is q(m)?
-6
Let f(m) = m**3 - 23*m**2 - 143*m + 2325. Let g be f(25). Let w(s) = s**2 + 5*s - 8. Give w(g).
-8
Let k(u) = -u**3 + 8*u**2 - 9*u + 4. Let s be k(6). Let g = 25 - s. Suppose g*n + 11 = -4*x, x + n = -3*n - 19. Let o(t) = 4*t**3 - 2*t**2 + 1. Determine o(x).
3
Let p(x) = 3*x**3 + 158*x**2 + 2 - 173*x**2 - 2*x**3 + 2*x. Calculate p(15).
32
Let h(k) = 5*k**2 - 2*k - 1. Let w(r) = 6*r**2 - r - 2. Let s be ((-1)/(-2))/(7/56). Let i(m) = s*w(m) - 5*h(m). Suppose -12 = -55*b + 51*b. Calculate i(b).
6
Let z be 190/(-35) - (2 - 8) - 6/(-63). Let m(j) be the second derivative of -7/12*j**4 + 1/20*j**5 + 13*j + 0 + z*j**3 + j**2. Determine m(6).
-10
Let l(a) = -a**3 - 5*a**2 + 25*a + 5. Let y be l(3). Let g(x) = 7*x**2 - 55*x - 5. Give g(y).
3
Let a(k) = -4*k - 52. Suppose -20*n = 15*n + 440 + 15. Give a(n).
0
Let v(b) be the second derivative of b**5/20 - b**4/3 - b**3 + 3*b**2/2 + 15*b. Suppose -5*s - 4*w = -6*w - 23, -5*s - 5*w = -30. What is v(s)?
-2
Let g(s) = -s**2 + 179*s - 872. Let h be g(5). Let q(a) = -2*a**3 - a**2 - 3*a - 7. Determine q(h).
11
Let d(w) = -26*w**3. Let m = 67 - 112. Let v = m + 44. Determine d(v).
26
Let h = 2194 + -2213. Let v(f) = f**3 + 20*f**2 + 21*f + 39. Give v(h).
1
Let d(n) = -n**2 + 6. Let g(w) = -8*w + 9*w - 5*w + 30. Let u be g(7). Let b be u + (-3 - 0)*(-14)/(-6). What is d(b)?
-19
Let i(m) = -318*m + 2223. Let l be i(7). Let z(k) = -k**3 - 3*k**2 - 13. Determine z(l).
-13
Let p = 82 - 84. Let a(u) = 7 - 2 - 38*u + 76*u - 37*u. Give a(p).
3
Let h(s) = -s**3 - 4*s**2 + 2*s + 6. Let d be h(-4). Let a be (-2)/(-4*d/(-4)). Let r(x) be the third derivative of -x**5/15 - x**3/6 + 23*x**2. Calculate r(a).
-5
Suppose 12 = -g - 5*g. Let t be -6 + (22 - 7) + (-2)/g. Let c(b) = b - 7. Determine c(t).
3
Let o(q) = -q**2 - 21*q - 18. Let l be o(-20). Let r be ((-28)/40*8)/(l/(-15)). Suppose -5*h + r = 12. Let j(t) = t**3 - 6*t**2 - 2*t + 1. Give j(h).
-11
Let x(o) = 43*o + 3. Let a(t) = 34*t. Let k(h) = 5*a(h) - 4*x(h). Calculate k(7).
-26
Let p(s) = s**3 - s**2 - s + 6. Suppose 4*c - 65 = -101. Let i(o) = -o**3 - 7*o**2 + 9*o - 1. Let u be i(-8). Let v = c - u. Calculate p(v).
6
Let q(o) = 421*o + 508. Let r(u) = 38*u + 46. Let g(s) = 2*q(s) - 23*r(s). Give g(-2).
22
Let z(o) = o**3 - 17*o**2 - 59*o - 27. Let x(v) = -v**3 - 12*v**2 + 67*v + 8. Let r be x(4). Determine z(r).
-7
Let p(y) = y**3 + 3*y**2 - 5*y + 2. Let x be ((-213)/1)/(3/(-2)) + -4. Let n = x - 113. Suppose 29*z - n*z + 16 = 0. Determine p(z).
6
Let v(r) be the third derivative of -2 + 1/24*r**4 - 1/30*r**5 + 0*r + 0*r**3 - 13*r**2. Calculate v(1).
-1
Let c(q) be the second derivative of -5*q**3/3 - q**2/2 + 2287*q. Let s(p) = p**2 - 4*p - 5. Let a be s(4). Let h = a + 4. Give c(h).
9
Let u(a) = -159*a + 964. Let y be u(6). Let s(j) = 2*j**3 - 21*j**2 + 10*j. Determine s(y).
0
Let c(m) = m + 1. Let w be ((-33)/(-6))/(2/4). Suppose -w + 11 = 5*h. Calculate c(h).
1
Let c(s) be the third derivative of -s**5/10 + s**4/12 - s**3/6 - 1312*s**2 - 1. Let l be 5/(-2) - (-2)/4. What is c(l)?
-29
Let l(k) = k + 2. Let d(a) = 155*a + 22. Let b be d(6). Suppose 0 = -6*x + 13*x + b. Let j = x - -136. What is l(j)?
2
Let s(a) = a**2 + 8*a - 37. Suppose 0 = -2*t - 4*w - 32, -5*t - 4*w + 7*w = 41. Give s(t).
-17
Suppose a + 78 = 285. Let x = a - 146. Let y = x + -62. Let g(p) = 6*p + 1. What is g(y)?
-5
Let v(i) = -34*i - 17 + 2*i**2 + 39*i + 0*i + 5*i. What is v(-7)?
11
Let c(h) = -8*h - 32. Let t be c(-5). Let n(p) = -p**3 + 10*p**2 - p - 2. Let x(m) = -m**3 + 11*m**2 - m - 1. Let a(q) = -3*n(q) + 2*x(q). Give a(t).
12
Let a(c) = -c**3 + 3*c**2 - 3*c - 5. Let j be (-306)/(-22) - (-1)/11. Suppose 22*s - j*s - 32 = 0. Calculate a(s).
-33
Let s(q) = -4*q - q**